ine c(l).
-7
Let g(q) = -3*q**2 + 5*q + 3. Let c(z) = -2*z**2 + 3*z + 2. Let f(k) = 5*c(k) - 3*g(k). Let r(m) = -6*m**2 + 7*m + 12. Let s(x) = -5*f(x) + r(x). What is s(8)?
-1
Let t(u) be the second derivative of -u**4/12 + 5*u**3/6 + 4*u**2 + u. Let m(d) = -3*d**2 - 10*d - 15. Let v be m(-6). Let j be 18/v + 44/7. What is t(j)?
2
Suppose j = 3*b + 13 - 3, -2*j - b + 13 = 0. Suppose -j*r - 21 = -10*r. Let l(a) = -3*a + 7*a - r*a + 3. Calculate l(2).
-3
Let p(j) = -9*j**2 - 1 + 10*j**2 - 1 - 5*j. Let w = 718 + -713. Give p(w).
-2
Let o be (-68)/187 + 103/11. Let c(r) = r**2 - 11*r - 13. Calculate c(o).
-31
Let d(v) = -29*v - 28. Let l(i) = 19*i + 15. Let n(r) = 5*d(r) + 8*l(r). Determine n(6).
22
Let h be (-3)/3 - (4 + 1). Let y(p) = -3*p - 1. What is y(h)?
17
Let j be 0 + (-4 - 1) + -2. Let p(k) = -k**2 - 5*k + 7. Determine p(j).
-7
Let p(l) = l + 4 + 21 - 12 - 3*l. Give p(0).
13
Let a(v) be the third derivative of -1/24*v**4 + 1/6*v**3 + 0*v + 0 + v**2. Let f(s) = -83*s**2 + 89*s - 3. Let y be f(1). Give a(y).
-2
Suppose 0 = 3*g - 0*g - 9, -4*y = -5*g - 1. Suppose -4*j + 2*v - 30 = 0, y*j + 3*v + 2*v = -9. Let s(z) = z**2 + 7*z + 2. Determine s(j).
-4
Let j(f) = f + 2. Let w(r) = r + 4. Let d(c) = 7*j(c) - 4*w(c). Suppose -4*t - z = t - 5, 3*t = -3*z - 9. What is d(t)?
4
Let x(m) be the first derivative of m**4/2 - m**3 + m**2 - 3*m + 1. Suppose 5*w - 6 = 4. Suppose 35*r - 34*r - w = 0. Determine x(r).
5
Let x(r) = -5636 + 11380 - 5681 + 16*r. Give x(-4).
-1
Let a(u) be the third derivative of -u**6/120 + u**5/12 - u**4/8 - 7*u**3/6 - 4*u**2 + 3. Determine a(4).
-3
Let d be (-10)/(-2) + 2 + 0. Let f(o) = -o**3 - 4*o**2 - 8*o - 12. Let u be f(-3). Let k(x) = 3*x + u*x - 9 - d*x**2 + x**3 + 2*x. Calculate k(6).
3
Let q(g) = -3. Let z(a) = a - 3. Let d(i) = -3*q(i) + 2*z(i). Suppose 4*k + 19 = -5*n, n - 44 = 4*k - 19. Calculate d(k).
-9
Let g be -19 - -23 - 4/(-2). Suppose 9*k + g - 24 = 0. Suppose -4 + 1 = u - k*t, 5*t = -u + 4. Let a(q) = q**2. What is a(u)?
1
Let r(u) = u**2 + 7*u - 3. Let m = -65 - -83. Let x = m - 24. Calculate r(x).
-9
Let f(x) = x**3 - 8*x**2 + 9*x - 8. Let y be (-44)/242 + (615/55 - 4). What is f(y)?
6
Let w(o) = -3. Let r(a) = a + 11. Let f(v) = -2*r(v) - 9*w(v). Let h be (-12)/(-3) - 14 - 0. Let z(p) = p**3 + 9*p**2 - 11*p - 4. Let u be z(h). Give f(u).
-7
Suppose 5*x + 17 = 57. Let t(z) = -z + 20. Let m(v) = -7. Let a(o) = x*m(o) + 3*t(o). Let d(c) = -433*c - 3461. Let j be d(-8). Determine a(j).
-5
Suppose q + 1 = 7. Let k(h) = h**3 - 6*h**2 + h + 5. Determine k(q).
11
Let l(g) = -g**2 + 3*g + 12. Let s be (-255)/102*((-1)/(-5) + -3). Give l(s).
-16
Suppose 2*a + 3*o + 5 = 0, -3*a = 3*o + 30 - 21. Let f(n) = 3*n + 6. Give f(a).
-6
Let g(k) = -8*k**3. Let y = -116 - -115. Determine g(y).
8
Suppose -3*y = -2*b + 26, -8 = -4*b - y + 30. Let a(w) = 15*w - b*w + 3 - 6*w. Suppose 4*t - 13 = 7. Give a(t).
-2
Let j(a) be the third derivative of -a**6/120 + 11*a**5/60 - 5*a**4/24 - 4*a**3/3 + 2*a**2 + 26*a. Give j(10).
42
Let v(c) be the first derivative of -3/2*c**2 + 1/3*c**3 + c + 5. Determine v(2).
-1
Let v(c) be the second derivative of 1/3*c**4 + 0 - 20*c - 5/2*c**2 + 1/3*c**3 - 1/20*c**5. Give v(4).
3
Let h(a) be the third derivative of a**4/24 + a**3/2 + 44*a**2. Suppose 13 - 31 = 3*z. Give h(z).
-3
Suppose 3*h - k - 46 = 0, -4*h + 5*k = -14 - 40. Let q be -6 + (-32)/(-5) - h/(-10). Let r(j) = -2*j**3 + 2*j**2 + j**3 - 3*j**2 + j. What is r(q)?
-10
Let j(w) = -w**2 + 6*w + 5. Let z(v) = v**3 + 9*v**2 + 4. Let l be z(-9). Let n(p) = -p**2 + 3*p + 9. Let h be n(l). Determine j(h).
10
Let s(l) = -l**3 + 4*l**2 - 3*l + 4. Let b(r) = r**2 - 6*r - 243. Let y be b(-13). Give s(y).
-8
Let f(w) be the second derivative of -1/6*w**3 + w**2 + 0 - 1/20*w**5 + 38*w - 1/6*w**4. Determine f(-2).
4
Let h(d) = 3*d**2 - 8*d - 6. Let k(f) = 4*f**2 - 8*f - 7. Let p(g) = 3*h(g) - 2*k(g). Let u be (14/(-21))/((-25)/12 - -2). Determine p(u).
-4
Let j(x) = -3*x + 7. Suppose -12 = 10*t - 11*t. Suppose 48 - t = 6*l. Calculate j(l).
-11
Suppose 0 = -3*z - 5*z + 16. Let b be (1148/(-14))/(-1 + -1). Let t(n) = -n - b*n**2 + 38*n**2 + 0*n**3 + n**3 + 2. Give t(z).
-4
Let a(c) = -232 + 7*c - 4*c - c**3 + 235 - 2*c**2. Determine a(-3).
3
Suppose 29*r = 41*r - 36. Let a(d) = -3*d + 9. Determine a(r).
0
Suppose 0 = -4*m - y + 15, 2*m = 3*m - y. Let u be 10 + (1 - (-2)/((-2)/m)). Let l(f) = -f**3 + 7*f**2 + 9*f + 5. Calculate l(u).
13
Let v(r) = -r**3 + 3*r**2 - r - 3. Suppose 8*t = 12*t + 92. Let k = 26 + t. Calculate v(k).
-6
Let n(l) be the third derivative of l**4/24 + l**3/6 + 4*l**2 + 14. Let h = 16 + -10. Give n(h).
7
Let a(u) = u**3 - 25*u**2 + u - 28. Let c be a(25). Let t(j) = 11*j**2 - 17*j. Let g(i) = 5*i**2 - 8*i. Let v(w) = -13*g(w) + 6*t(w). Give v(c).
3
Let h(c) = c**3 - 7*c**2 - 24. Let k(r) = 2*r**2 + 1. Let q(o) = -h(o) - 3*k(o). Give q(0).
21
Let l(v) be the second derivative of -v**3/6 - 19*v**2/2 - 40*v. Give l(-10).
-9
Let u(k) = -k**2 - 6*k - 5. Let c be -13 - (4 + -14 - -3). What is u(c)?
-5
Let t(v) = 49*v - 28. Let h(s) = 9*s - 5. Let i(x) = -28*h(x) + 5*t(x). Let p(f) = 13*f + 63. Let a be p(-5). Calculate i(a).
14
Let z(p) = -9*p**3 - 22*p**3 + 285*p**2 - 286*p**2. Give z(-1).
30
Let b(l) be the second derivative of l**5/20 - l**4/4 - l**3 + 3*l**2 + 108*l. What is b(4)?
-2
Let s(o) = 36*o**2 - 1. Let b be s(1). Let a = b - 31. Let j(m) = -m**2 + m - 4. Give j(a).
-16
Let r(n) = 0*n - 3*n + 8 + 2*n + 0*n. Suppose 0 = -2*q + 2*o - 80, -4*q + o - 144 - 19 = 0. Let b = q - -47. Calculate r(b).
2
Suppose 3*t + m = -7, 3*m = -3 - 9. Let h = 4 + -3. Let v(f) = 2*f + f - h - 4*f. Give v(t).
0
Let w(c) = 8*c - 7*c + 16 - 15. What is w(-3)?
-2
Let a(q) = -q**3 - q**2 - 2*q - 2. Let w(s) = 4*s - 6. Let c be w(4). Let n = 13 - c. Suppose -2 = -n*g - 8. Determine a(g).
6
Let l(u) = u**3 - 2*u + 1. Suppose 0 = 3*d + 10 - 13. Calculate l(d).
0
Let x(r) = r**2 - 13*r + 2. Let m(f) = f**3 - 27*f**2 + 125*f + 19. Let d be m(6). Determine x(d).
2
Let b(i) = -i**2 + 5*i - 2. Let j(c) = 2*c**2 + 6*c + 6. Let n be j(-9). Suppose -5*k + n = -k + 5*m, 3*m = k - 20. Suppose -5*u + 4 = -k. Calculate b(u).
-8
Let a(v) = -v**3 - 4*v**2 - 2*v - 5. Let j be a(-4). Let k(x) = 15 + j*x**2 - 10*x + 11*x + 8*x**2 + x**3. What is k(-11)?
4
Let g(x) = -x**2 + 5*x + 7. Let y be (-1)/(-4) - 322/(-56). Determine g(y).
1
Let l(f) = 2*f**2 + 3*f + 5. Let j(v) = -3*v**2 - 4*v - 4. Let d(k) = 3*j(k) + 4*l(k). Let p(n) = -437*n + 4807. Let q be p(11). Give d(q).
8
Let m(u) = -3*u**2 - 1. Let w(d) = -d**3 - 3*d**2 + 12*d + 11. Let z be w(-5). Let j(r) = r**2 + r - 1. Let y(k) = z*m(k) - 2*j(k). What is y(1)?
-6
Suppose -3*m + 20 = 2*o, 0*m + 28 = 4*m + 3*o. Let s(z) = z + m - 2*z**2 + 5*z + 9*z**2 - 6*z**2. What is s(-3)?
-5
Suppose -4*w = -o + 13, -4 = 3*w + 5. Let j be (2 - o)*(2 - -1). Let v(h) = -j*h - 7 - 6 + h**2 + 14. What is v(3)?
1
Let h(l) = 3*l - 6. Let f = -17 + 22. Suppose 3*y + 9 = f*r - 20, 2*y - 14 = -5*r. Calculate h(r).
6
Let m be 4/(-2) - -3 - 3. Let d(f) = 8*f**2 + 6*f - 5. Let r(n) = -15*n**2 - 11*n + 8. Let c(x) = 7*d(x) + 4*r(x). Give c(m).
-15
Let m(p) = -p**3 - 4*p**2 + 11*p - 17. Let q be m(-7). Let h(u) = -6*u + 65 - q - 4*u + u**2. Determine h(8).
-4
Let q(l) = -l**2 - l - 1. Let z(j) be the first derivative of j**3 + j**2 + 3*j + 1. Let i(w) = -2*q(w) - z(w). Suppose 78*k - 92*k = 14. Give i(k).
-2
Let r(t) = 1321 - 1325 - t + 0*t. Suppose 3*y = 2*y - 3. Determine r(y).
-1
Let t(o) be the first derivative of 2*o**3/3 + 6*o**2 + 3*o - 5. Let g be t(-6). Suppose w + 5*m = -2*w - 17, g*m + 12 = 0. Let x(f) = 4*f**2 + 1. Give x(w).
5
Let g(y) = 3*y**3 - 8*y**2 - 3*y + 9. Let r(b) = -10*b**3 + 24*b**2 + 9*b - 27. Let s(m) = -7*g(m) - 2*r(m). What is s(8)?
15
Let v(d) = -d**3 + 7*d**2 + 8*d - 11. Let k be v(8). Let w = k + 11. Let t(n) = n**3 + n**2 - n - 2. Let s be t(w). Let m(h) = h**3 - 3*h - 3. What is m(s)?
-5
Let b(g) = 0*g - 3*g - g**2 + 2 + 0*g. Suppose -2*f = -4*w + 8, -3*f - 3*w + 3 = -4*w. Give b(f).
-8
Suppose -2*j = -5*j + 12. Let u(p) = -65*p + 3. Let x(r) = 14*r - 1. Let z(g) = -u(g) - 5*x(g). What is z(j)?
-18
Let b(c) = -6*c - 1. Let i(x) = -x**2 - 7*x - 9. Let o be i(-5). Let w be o/2*(16 + -18). Calculate b(w).
5
Let x(